{"id":20696,"date":"2026-08-06T12:32:34","date_gmt":"2026-08-06T12:32:34","guid":{"rendered":"https:\/\/protect-lawyers.org\/case\/leyla-carolina-prado\/"},"modified":"2026-08-18T15:50:12","modified_gmt":"2026-08-18T15:50:12","slug":"leyla-carolina-prado","status":"publish","type":"listing","link":"https:\/\/protect-lawyers.org\/de\/case\/leyla-carolina-prado\/","title":{"rendered":"Leyla Carolina Prado"},"content":{"rendered":"<p><a href=\"https:\/\/protect-lawyers.org\/de\/case\/leyla-carolina-prado\/#Alerta2\">ALERTE 06\/08\/2026<\/a><br \/>\n<a href=\"https:\/\/protect-lawyers.org\/de\/case\/leyla-carolina-prado\/#Alerta1\">ALERTE 24\/09\/2024<\/a><\/p>\n<p>&nbsp;<\/p>\n<p>&nbsp;<\/p>\n<h2><a id=\"Alerta2\"><\/a>NICARAGUA: Neue Verfolgungshandlungen gegen die Rechtsanw\u00e4ltin Leyla Carolina Prado<\/h2>\n<p><strong style=\"font-size: 15px;\">6 August 2026<\/strong><\/p>\n<p>Die seit 2019 im Exil lebende Rechtsanw\u00e4ltin und Menschenrechtsverteidigerin Leyla Carolina Prado ist weiterhin Repressalien seitens der nicaraguanischen Beh\u00f6rden ausgesetzt. Die Schikanen erstrecken sich inzwischen auch auf ihr famili\u00e4res Umfeld sowie auf die Aus\u00fcbung ihres Berufs.<\/p>\n<p>Im Januar 2025 wurde ihrer \u00e4ltesten Tochter, die in den Vereinigten Staaten lebt, die Einreise nach Nicaragua willk\u00fcrlich verweigert, als sie versuchte, in das Land einzureisen. Die Einwanderungsbeh\u00f6rden verweigerten ihr die Einreise, ohne eine Erkl\u00e4rung oder Rechtsgrundlage anzugeben, was eine weitere Repressalie gegen die Familie der Rechtsanw\u00e4ltin darstellt.<\/p>\n<p>Am 27. Februar 2025 begaben sich anschlie\u00dfend Personen, die als Angeh\u00f6rige der Sandinistischen Nationalen Befreiungsfront (FSLN) identifiziert wurden, zum Wohnhaus der Rechtsanw\u00e4ltin in Nicaragua, um ihr einen Mitgliedsausweis der Partei zu \u00fcbergeben. Dieser Vorgang, der von den \u00dcberwachungskameras des Hauses aufgezeichnet wurde, reiht sich in die von internationalen Menschenrechtsorganisationen dokumentierten Praktiken der Einsch\u00fcchterung, \u00dcberwachung und sozialen Kontrolle ein und stellt ein weiteres Druckmittel gegen die Menschenrechtsverteidigerin und ihre Familie dar.<\/p>\n<p>Zuletzt erfuhr Leyla Carolina Prado am 9. Juli 2026, dass der Oberste Gerichtshof sie aus dem Nationalen Register der Rechtsanw\u00e4lte gestrichen hatte und ihr damit willk\u00fcrlich das Recht entzog, den Anwaltsberuf auszu\u00fcben. Diese Ma\u00dfnahme wurde ohne vorherige Benachrichtigung, ohne Disziplinarverfahren und ohne Gew\u00e4hrleistung ihres Rechts auf Verteidigung ergriffen. <a href=\"https:\/\/protect-lawyers.org\/de\/nicaragua-menschenrechts-und-anwaltsorganisationen-verurteilen-den-willkuerlichen-ausschluss-von-mindestens-2-000-anwaelten-in-nicaragua\/\">Das Observatorium hat diese Ma\u00dfnahme, von der etwa zweitausend Rechtsanw\u00e4lte betroffen sind, die von der Regierung als Oppositionelle angesehen werden, k\u00fcrzlich angeprangert.<\/a><\/p>\n<p>Diese Ereignisse belegen das Fortbestehen eines Musters der Verfolgung und der Repressalien gegen Leyla Carolina Prado, das sowohl darauf abzielt, ihre T\u00e4tigkeit als Menschenrechtsanw\u00e4ltin zu behindern, als auch Druck auf ihr famili\u00e4res Umfeld auszu\u00fcben \u2013 selbst Jahre nach ihrem erzwungenen Exil.<\/p>\n<p><strong>Das Observatorium h\u00e4lt an seiner entschiedenen Verurteilung<\/strong> der anhaltenden Schikanen gegen nicaraguanische Rechtsanw\u00e4lte fest, die sich f\u00fcr die Verteidigung der Menschenrechte einsetzen. Dar\u00fcber hinaus fordert sie die nicaraguanischen Beh\u00f6rden auf, die Repressalien gegen Leyla Carolina Prado zu beenden und die freie Aus\u00fcbung des Anwaltsberufs zu gew\u00e4hrleisten.<\/p>\n<p>&nbsp;<\/p>\n<p>&nbsp;<\/p>\n<h2><a id=\"Alerta1\"><\/a>NICARAGUA: Die Menschenrechtsverteidigerin Leyla Carolina Prado muss wegen ihrer Verteidigung politischer Gefangener ins Exil gehen<\/h2>\n<p><strong>24. September 2024<\/strong><\/p>\n<p><strong>Die Menschenrechtsanw\u00e4ltin Leyla Carolina Prado verteidigte im Rahmen der politischen und sozialen Krise, die 2018 in Nicaragua ausbrach, Opfer staatlicher Repressionen. Da sie mit dem Tod bedroht wurde, musste sie 2019 mit ihrer Familie ins Exil gehen.<\/strong><\/p>\n<p>Nach 16 Jahren als Staatsanw\u00e4ltin \u00a0beschloss Leyla Carolina Prado im Februar 2016, ihr Amt niederzulegen, da sie mit der politischen Instrumentalisierung der Institution unzufrieden war. Seit 2018 geh\u00f6rt Prado einer Gruppe von Anw\u00e4lten an, die von der St\u00e4ndigen Kommission f\u00fcr Menschenrechte (CPDH) entsandt wurden und sich auf die rechtliche Verteidigung von politischen Gefangenen spezialisiert haben. Die Anw\u00e4ltin hat auch die Rechtsverteidigung anderer verfolgter Kollegen \u00fcbernommen, wie den ber\u00fchmten Fall der Anw\u00e4ltin Mar\u00eda Oviedo, die verurteilt und dann des Landes verwiesen wurde, sowie den Fall des Anwalts Eddy Montes Praslin, der im Gef\u00e4ngnis ermordet wurde.<\/p>\n<p>Weil sie diese und andere F\u00e4lle verteidigte, war die Anw\u00e4ltin gro\u00dfen Gefahren ausgesetzt, da sie verfolgt und im Hauptquartier des CPDH von der Polizei und der Staatsanwaltschaft belagert wurde. Sie erlitt auch einen Angriff auf ihr Fahrzeug, als sie den Fall des ermordeten Eddy Montes Praslin verteidigte. Die Anw\u00e4ltin erkl\u00e4rt sogar, dass sie im Gerichtssaal verbal beleidigt und von der Staatsanwaltschaft st\u00e4ndig bei ihrer Verteidigung behindert worden sei.<\/p>\n<p>Im August 2019 erhielt die Anw\u00e4ltin \u00fcber soziale Netzwerke Morddrohungen, die sich gegen sie und ihre Kinder richteten. Die Todesdrohungen nahmen zu und gipfelten in einer Belagerung durch Paramilit\u00e4rs im September 2019. Sie wurde gewarnt, dass sie ihre Arbeit bereuen w\u00fcrde, und man hinterlie\u00df das Wort \u201ePlomo\u201c (\u201aBlei\u2018) geschrieben vor ihrem Haus, was im Kontext der Unterdr\u00fcckung in Nicaragua den Tod bedeutet.<\/p>\n<p>Obwohl die Anw\u00e4ltin von der <a href=\"https:\/\/protect-lawyers.org\/wp-content\/uploads\/CIDH-OEA-Resolucion-46-2018.pdf\" target=\"_blank\" rel=\"noopener\">Interamerikanischen Menschenrechtskommission einstweilige Verf\u00fcgungen erhalten hatte<\/a>, garantierte der nicaraguanische Staat ihre Sicherheit und die ihrer Familie nicht, sodass die Anw\u00e4ltin das Land verlassen musste, um ihr Leben und das ihrer Kinder zu sch\u00fctzen. Aus dem Exil heraus prangert die Anw\u00e4ltin die Repressalien an, die ihre Angeh\u00f6rigen in den letzten Jahren im Zusammenhang mit ihrer Menschenrechtsarbeit erlitten haben.<\/p>\n<p><strong>Das Observatorium beharrt auf seiner entschiedenen Verurteilung <\/strong>der anhaltenden Schikanierung der nicaraguanischen Rechtsberufe, die sich f\u00fcr die Verteidigung der Menschenrechte einsetzen.<\/p>\n<p><strong>Das Observatorium fordert eine ernsthafte, gr\u00fcndliche und unparteiische Untersuchung d<\/strong>er Drohungen, Einsch\u00fcchterungen und Schikanen gegen die Anw\u00e4ltin Leyla Carolina Prado und Angeh\u00f6rige der Rechtsberufe sowie die Ergreifung aller notwendigen Ma\u00dfnahmen, um ihre Sicherheit und die ihrer Kollegen bei der Aus\u00fcbung ihres Berufs zu gew\u00e4hrleisten.<\/p>\n<p><strong>Das Observatorium erinnert daran, <\/strong>dass gem\u00e4\u00df den <strong>Grundprinzipien der Vereinten Nationen \u00fcber die Rolle der Anwaltschaft, <\/strong>insbesondere den <strong>Grunds\u00e4tzen 16 und 17:<\/strong><\/p>\n<p>\u201e<em>Die Beh\u00f6rden m\u00fcssen sicherstellen, dass Rechtsanw\u00e4lte a) <strong>alle ihre beruflichen Aufgaben ohne Behinderung, Einsch\u00fcchterung, Bel\u00e4stigung oder unzul\u00e4ssige Einmischung erf\u00fcllen k\u00f6nnen<\/strong>; b) frei reisen und ihre Mandanten im In- und Ausland konsultieren k\u00f6nnen; und c) nicht Gegenstand von Verfolgung oder wirtschaftlichen oder anderen Sanktionen f\u00fcr Ma\u00dfnahmen sind, die sie in \u00dcbereinstimmung mit ihren anerkannten Berufspflichten und -standards und ihrem Berufsethos ergreifen, und auch nicht damit bedroht werden<\/em>.\u201c (<u>Grundsatz 16<\/u>)<\/p>\n<p>\u201e<em>Wenn die Sicherheit von Anw\u00e4lten bei der Aus\u00fcbung ihrer Pflichten bedroht ist, m\u00fcssen sie <strong>von den Beh\u00f6rden angemessen gesch\u00fctzt werden<\/strong>.\u201c <\/em>(<u>Grundsatz 17<\/u>)<em>\u201c<\/em><\/p>\n","protected":false},"author":1,"featured_media":0,"comment_status":"open","ping_status":"closed","template":"","meta":[],"listing_category":[52],"event_category":[],"service_category":[],"rental_category":[],"classifieds_category":[],"listing_feature":[],"region":[121,1887],"class_list":["post-20696","listing","type-listing","status-publish","hentry","listing_category-bedroht","region-amerika","region-nicaragua-de"],"_links":{"self":[{"href":"https:\/\/protect-lawyers.org\/de\/wp-json\/wp\/v2\/listing\/20696","targetHints":{"allow":["GET"]}}],"collection":[{"href":"https:\/\/protect-lawyers.org\/de\/wp-json\/wp\/v2\/listing"}],"about":[{"href":"https:\/\/protect-lawyers.org\/de\/wp-json\/wp\/v2\/types\/listing"}],"author":[{"embeddable":true,"href":"https:\/\/protect-lawyers.org\/de\/wp-json\/wp\/v2\/users\/1"}],"replies":[{"embeddable":true,"href":"https:\/\/protect-lawyers.org\/de\/wp-json\/wp\/v2\/comments?post=20696"}],"version-history":[{"count":6,"href":"https:\/\/protect-lawyers.org\/de\/wp-json\/wp\/v2\/listing\/20696\/revisions"}],"predecessor-version":[{"id":26524,"href":"https:\/\/protect-lawyers.org\/de\/wp-json\/wp\/v2\/listing\/20696\/revisions\/26524"}],"wp:attachment":[{"href":"https:\/\/protect-lawyers.org\/de\/wp-json\/wp\/v2\/media?parent=20696"}],"wp:term":[{"taxonomy":"listing_category","embeddable":true,"href":"https:\/\/protect-lawyers.org\/de\/wp-json\/wp\/v2\/listing_category?post=20696"},{"taxonomy":"event_category","embeddable":true,"href":"https:\/\/protect-lawyers.org\/de\/wp-json\/wp\/v2\/event_category?post=20696"},{"taxonomy":"service_category","embeddable":true,"href":"https:\/\/protect-lawyers.org\/de\/wp-json\/wp\/v2\/service_category?post=20696"},{"taxonomy":"rental_category","embeddable":true,"href":"https:\/\/protect-lawyers.org\/de\/wp-json\/wp\/v2\/rental_category?post=20696"},{"taxonomy":"classifieds_category","embeddable":true,"href":"https:\/\/protect-lawyers.org\/de\/wp-json\/wp\/v2\/classifieds_category?post=20696"},{"taxonomy":"listing_feature","embeddable":true,"href":"https:\/\/protect-lawyers.org\/de\/wp-json\/wp\/v2\/listing_feature?post=20696"},{"taxonomy":"region","embeddable":true,"href":"https:\/\/protect-lawyers.org\/de\/wp-json\/wp\/v2\/region?post=20696"}],"curies":[{"name":"wp","href":"https:\/\/api.w.org\/{rel}","templated":true}]}}

<p><a href="https://protect-lawyers.org/de/case/leyla-carolina-prado/#Alerta2">ALERTE 06/08/2026</a><br />
<a href="https://protect-lawyers.org/de/case/leyla-carolina-prado/#Alerta1">ALERTE 24/09/2024</a></p>
<p>&nbsp;</p>
<p>&nbsp;</p>
<h2><a id="Alerta2"></a>NICARAGUA: Neue Verfolgungshandlungen gegen die Rechtsanwältin Leyla Carolina Prado</h2>
<p><strong style="font-size: 15px;">6 August 2026</strong></p>
<p>Die seit 2019 im Exil lebende Rechtsanwältin und Menschenrechtsverteidigerin Leyla Carolina Prado ist weiterhin Repressalien seitens der nicaraguanischen Behörden ausgesetzt. Die Schikanen erstrecken sich inzwischen auch auf ihr familiäres Umfeld sowie auf die Ausübung ihres Berufs.</p>
<p>Im Januar 2025 wurde ihrer ältesten Tochter, die in den Vereinigten Staaten lebt, die Einreise nach Nicaragua willkürlich verweigert, als sie versuchte, in das Land einzureisen. Die Einwanderungsbehörden verweigerten ihr die Einreise, ohne eine Erklärung oder Rechtsgrundlage anzugeben, was eine weitere Repressalie gegen die Familie der Rechtsanwältin darstellt.</p>
<p>Am 27. Februar 2025 begaben sich anschließend Personen, die als Angehörige der Sandinistischen Nationalen Befreiungsfront (FSLN) identifiziert wurden, zum Wohnhaus der Rechtsanwältin in Nicaragua, um ihr einen Mitgliedsausweis der Partei zu übergeben. Dieser Vorgang, der von den Überwachungskameras des Hauses aufgezeichnet wurde, reiht sich in die von internationalen Menschenrechtsorganisationen dokumentierten Praktiken der Einschüchterung, Überwachung und sozialen Kontrolle ein und stellt ein weiteres Druckmittel gegen die Menschenrechtsverteidigerin und ihre Familie dar.</p>
<p>Zuletzt erfuhr Leyla Carolina Prado am 9. Juli 2026, dass der Oberste Gerichtshof sie aus dem Nationalen Register der Rechtsanwälte gestrichen hatte und ihr damit willkürlich das Recht entzog, den Anwaltsberuf auszuüben. Diese Maßnahme wurde ohne vorherige Benachrichtigung, ohne Disziplinarverfahren und ohne Gewährleistung ihres Rechts auf Verteidigung ergriffen. <a href="https://protect-lawyers.org/de/nicaragua-menschenrechts-und-anwaltsorganisationen-verurteilen-den-willkuerlichen-ausschluss-von-mindestens-2-000-anwaelten-in-nicaragua/">Das Observatorium hat diese Maßnahme, von der etwa zweitausend Rechtsanwälte betroffen sind, die von der Regierung als Oppositionelle angesehen werden, kürzlich angeprangert.</a></p>
<p>Diese Ereignisse belegen das Fortbestehen eines Musters der Verfolgung und der Repressalien gegen Leyla Carolina Prado, das sowohl darauf abzielt, ihre Tätigkeit als Menschenrechtsanwältin zu behindern, als auch Druck auf ihr familiäres Umfeld auszuüben – selbst Jahre nach ihrem erzwungenen Exil.</p>
<p><strong>Das Observatorium hält an seiner entschiedenen Verurteilung</strong> der anhaltenden Schikanen gegen nicaraguanische Rechtsanwälte fest, die sich für die Verteidigung der Menschenrechte einsetzen. Darüber hinaus fordert sie die nicaraguanischen Behörden auf, die Repressalien gegen Leyla Carolina Prado zu beenden und die freie Ausübung des Anwaltsberufs zu gewährleisten.</p>
<p>&nbsp;</p>
<p>&nbsp;</p>
<h2><a id="Alerta1"></a>NICARAGUA: Die Menschenrechtsverteidigerin Leyla Carolina Prado muss wegen ihrer Verteidigung politischer Gefangener ins Exil gehen</h2>
<p><strong>24. September 2024</strong></p>
<p><strong>Die Menschenrechtsanwältin Leyla Carolina Prado verteidigte im Rahmen der politischen und sozialen Krise, die 2018 in Nicaragua ausbrach, Opfer staatlicher Repressionen. Da sie mit dem Tod bedroht wurde, musste sie 2019 mit ihrer Familie ins Exil gehen.</strong></p>
<p>Nach 16 Jahren als Staatsanwältin  beschloss Leyla Carolina Prado im Februar 2016, ihr Amt niederzulegen, da sie mit der politischen Instrumentalisierung der Institution unzufrieden war. Seit 2018 gehört Prado einer Gruppe von Anwälten an, die von der Ständigen Kommission für Menschenrechte (CPDH) entsandt wurden und sich auf die rechtliche Verteidigung von politischen Gefangenen spezialisiert haben. Die Anwältin hat auch die Rechtsverteidigung anderer verfolgter Kollegen übernommen, wie den berühmten Fall der Anwältin María Oviedo, die verurteilt und dann des Landes verwiesen wurde, sowie den Fall des Anwalts Eddy Montes Praslin, der im Gefängnis ermordet wurde.</p>
<p>Weil sie diese und andere Fälle verteidigte, war die Anwältin großen Gefahren ausgesetzt, da sie verfolgt und im Hauptquartier des CPDH von der Polizei und der Staatsanwaltschaft belagert wurde. Sie erlitt auch einen Angriff auf ihr Fahrzeug, als sie den Fall des ermordeten Eddy Montes Praslin verteidigte. Die Anwältin erklärt sogar, dass sie im Gerichtssaal verbal beleidigt und von der Staatsanwaltschaft ständig bei ihrer Verteidigung behindert worden sei.</p>
<p>Im August 2019 erhielt die Anwältin über soziale Netzwerke Morddrohungen, die sich gegen sie und ihre Kinder richteten. Die Todesdrohungen nahmen zu und gipfelten in einer Belagerung durch Paramilitärs im September 2019. Sie wurde gewarnt, dass sie ihre Arbeit bereuen würde, und man hinterließ das Wort „Plomo“ (‚Blei‘) geschrieben vor ihrem Haus, was im Kontext der Unterdrückung in Nicaragua den Tod bedeutet.</p>
<p>Obwohl die Anwältin von der <a href="https://protect-lawyers.org/wp-content/uploads/CIDH-OEA-Resolucion-46-2018.pdf" target="_blank" rel="noopener">Interamerikanischen Menschenrechtskommission einstweilige Verfügungen erhalten hatte</a>, garantierte der nicaraguanische Staat ihre Sicherheit und die ihrer Familie nicht, sodass die Anwältin das Land verlassen musste, um ihr Leben und das ihrer Kinder zu schützen. Aus dem Exil heraus prangert die Anwältin die Repressalien an, die ihre Angehörigen in den letzten Jahren im Zusammenhang mit ihrer Menschenrechtsarbeit erlitten haben.</p>
<p><strong>Das Observatorium beharrt auf seiner entschiedenen Verurteilung </strong>der anhaltenden Schikanierung der nicaraguanischen Rechtsberufe, die sich für die Verteidigung der Menschenrechte einsetzen.</p>
<p><strong>Das Observatorium fordert eine ernsthafte, gründliche und unparteiische Untersuchung d</strong>er Drohungen, Einschüchterungen und Schikanen gegen die Anwältin Leyla Carolina Prado und Angehörige der Rechtsberufe sowie die Ergreifung aller notwendigen Maßnahmen, um ihre Sicherheit und die ihrer Kollegen bei der Ausübung ihres Berufs zu gewährleisten.</p>
<p><strong>Das Observatorium erinnert daran, </strong>dass gemäß den <strong>Grundprinzipien der Vereinten Nationen über die Rolle der Anwaltschaft, </strong>insbesondere den <strong>Grundsätzen 16 und 17:</strong></p>
<p>„<em>Die Behörden müssen sicherstellen, dass Rechtsanwälte a) <strong>alle ihre beruflichen Aufgaben ohne Behinderung, Einschüchterung, Belästigung oder unzulässige Einmischung erfüllen können</strong>; b) frei reisen und ihre Mandanten im In- und Ausland konsultieren können; und c) nicht Gegenstand von Verfolgung oder wirtschaftlichen oder anderen Sanktionen für Maßnahmen sind, die sie in Übereinstimmung mit ihren anerkannten Berufspflichten und -standards und ihrem Berufsethos ergreifen, und auch nicht damit bedroht werden</em>.“ (<u>Grundsatz 16</u>)</p>
<p>„<em>Wenn die Sicherheit von Anwälten bei der Ausübung ihrer Pflichten bedroht ist, müssen sie <strong>von den Behörden angemessen geschützt werden</strong>.“ </em>(<u>Grundsatz 17</u>)<em>“</em></p>
