{"id":12301,"date":"2022-10-14T11:28:15","date_gmt":"2022-10-14T11:28:15","guid":{"rendered":"https:\/\/protect-lawyers.org\/case\/juan-carlos-flores-solis\/"},"modified":"2025-04-08T15:09:41","modified_gmt":"2025-04-08T15:09:41","slug":"juan-carlos-flores-solis","status":"publish","type":"listing","link":"https:\/\/protect-lawyers.org\/es\/case\/juan-carlos-flores-solis\/","title":{"rendered":"Juan Carlos Flores Sol\u00eds"},"content":{"rendered":"<h2>M\u00e9xico: Tres allanamientos en menos de 15 d\u00edas en la casa del abogado defensor del medio ambiente Juan Carlos Flores Solis<\/h2>\n<p><strong>3 de marzo de 2022<\/strong><\/p>\n<p>&nbsp;<\/p>\n<p><strong>Juan Carlos Flores Solis<\/strong> es abogado del Frente de Pueblos en Defensa de la Tierra y Agua Morelos, Puebla, Tlaxcala (FPDTA-MPT), organizaci\u00f3n que defiende los derechos humanos, la tierra, el territorio, el medio ambiente y la libre determinaci\u00f3n de los pueblos ind\u00edgenas. Su trabajo con esta organizaci\u00f3n se ha enfocado durante los \u00faltimos a\u00f1os en asesorar jur\u00eddicamente a distintas comunidades ind\u00edgenas nahuas que luchan contra la extracci\u00f3n y contaminaci\u00f3n del agua, tanto del r\u00edo Cuautla, en el municipio de Ayala, Morelos, como en Juan C. Bonilla, Puebla.<\/p>\n<p>Fundador del FPDTA-MPT desde el a\u00f1o 2008, el abogado fue perseguido y encarcelado injustamente el 7 de abril de 2014 por la labor de asesoramiento jur\u00eddico de las poblaciones afectadas por el Proyecto Integral Morelos, el cual afecta a los estados de Morelos, Puebla y Tlaxcala con la instalaci\u00f3n de un gasoducto de 160 km en las faldas del volc\u00e1n Popocat\u00e9petl, una termoel\u00e9ctrica en la comunidad de Huexca, Morelos y un acueducto, afectando alrededor de 80 comunidades de los 3 estados.<\/p>\n<p>Tras el asesinato en 2019 del activista medioambiental Samir Flores su nivel de riesgo aumenta al ser se\u00f1alado como la siguiente persona con m\u00e1s relevancia en la organizaci\u00f3n.<\/p>\n<p>A lo largo del \u00faltimo mes, Juan Carlos ha recibido diversos ataques en su domicilio a trav\u00e9s de los siguientes allanamientos:<\/p>\n<ul>\n<li>5 de abril de 2022: encontr\u00f3 su domicilio allanado en el pueblo de Santa Mar\u00eda Zacatepec, municipio de Juan C. Bonilla, Puebla. La reja de su terreno y el candado de la puerta de entrada de la casa fueron cortados con cizalla, su habitaci\u00f3n fue completamente registrada, sus documentos revisados y tirados en el suelo, y varios objetos de valor fueron sustra\u00eddos. Juan Carlos manifiesta que la irrupci\u00f3n violenta en su domicilio, la extracci\u00f3n de objetos personales de su vivienda y los mensajes impl\u00edcitos dejados por el o los victimarios, como un cuchillo en su cama y la manipulaci\u00f3n de una foto suya y de su familia, constituyen una amenaza directa contra su vida y la de su familia.<\/li>\n<li>10 de abril de 2022: a pesar de haber alertado a las autoridades mexicanas sobre los hechos violentos ocurridos el 5 de abril, Juan Carlos volviendo a su domicilio, se percata de que \u00e9ste ha sido nuevamente allanado y afirma que la\/s persona\/s que ingresan rompen el cristal de una ventana e irrumpen a trav\u00e9s de \u00e9sta. Asegura que sus pertenencias han vuelto a ser removidas y el cuchillo que hab\u00eda sido dejado encima de su cama, y que nunca manipul\u00f3 con la intenci\u00f3n de preservar las pruebas del delito ocurrido, ha desaparecido.<\/li>\n<li>14 de abril de 2022: en un nuevo allanamiento, los desconocidos se llevaron papeles de una estanter\u00eda de una habitaci\u00f3n, una mochila con varias pertenencias y distintivos de actos pol\u00edticos, y abandonaron la casa dej\u00e1ndola en desorden.<br \/>\nCabe se\u00f1alar que Juan Carlos Flores Sol\u00eds y su esposa Miryam Vargas Teutle informan de que la polic\u00eda no respondi\u00f3 a tiempo a la solicitud del Mecanismo de Protecci\u00f3n para Personas Defensoras de Derechos Humanos y Periodistas, que sugiri\u00f3 que una patrulla vigilara la casa despu\u00e9s del primer allanamiento el 5 de abril de 2022.<\/li>\n<\/ul>\n<p><strong>El OIAD observa con preocupaci\u00f3n\u202fy condena estas operaciones de hostigamiento en contra del abogado Juan Carlos Flores.<\/strong><\/p>\n<p><strong>El OIAD llama la atenci\u00f3n\u202fsobre los Principios de Naciones Unidas para La Funci\u00f3n de los Abogados, y en particular los Principios 16 y 17 que establecen lo siguiente:<\/strong><\/p>\n<p>\u201cLos gobiernos garantizar\u00e1n que los abogados a) puedan desempe\u00f1ar todas sus funciones profesionales sin intimidaciones, obst\u00e1culos, acosos o interferencias indebidas; b) puedan viajar y comunicarse libremente con sus clientes tanto dentro de su pa\u00eds como en el exterior; y c) no sufran ni est\u00e9n expuestos a persecuciones o sanciones administrativas, econ\u00f3micas o de otra \u00edndole a ra\u00edz de cualquier medida que hayan adoptado de conformidad con las obligaciones, reglas y normas \u00e9ticas que se reconocen a su profesi\u00f3n\u201d\u202f(Principio 16).<\/p>\n<p>\u201cCuando la seguridad de los abogados sea amenazada a ra\u00edz del ejercicio de sus funciones, recibir\u00e1n de las autoridades protecci\u00f3n adecuada\u201d\u202f(Principio 17).<\/p>\n<p><strong>El OIAD ha solicitado\u202fa las autoridades mexicanas y al mecanismo de protecci\u00f3n para personas defensoras de derechos humanos y periodistas adoptar medidas para garantizar\u202f la protecci\u00f3n integral del abogado Flores y proceder al reconocimiento p\u00fablico de la labor realizada en defensa de los derechos de las v\u00edctimas de graves violaciones de derechos humanos.<\/strong><\/p>\n","protected":false},"author":1,"featured_media":0,"comment_status":"open","ping_status":"closed","template":"","meta":[],"listing_category":[54],"event_category":[],"service_category":[],"rental_category":[],"classifieds_category":[],"listing_feature":[],"region":[37,1751],"class_list":["post-12301","listing","type-listing","status-publish","hentry","listing_category-asaltados","region-america","region-mexico"],"_links":{"self":[{"href":"https:\/\/protect-lawyers.org\/es\/wp-json\/wp\/v2\/listing\/12301","targetHints":{"allow":["GET"]}}],"collection":[{"href":"https:\/\/protect-lawyers.org\/es\/wp-json\/wp\/v2\/listing"}],"about":[{"href":"https:\/\/protect-lawyers.org\/es\/wp-json\/wp\/v2\/types\/listing"}],"author":[{"embeddable":true,"href":"https:\/\/protect-lawyers.org\/es\/wp-json\/wp\/v2\/users\/1"}],"replies":[{"embeddable":true,"href":"https:\/\/protect-lawyers.org\/es\/wp-json\/wp\/v2\/comments?post=12301"}],"version-history":[{"count":1,"href":"https:\/\/protect-lawyers.org\/es\/wp-json\/wp\/v2\/listing\/12301\/revisions"}],"predecessor-version":[{"id":21356,"href":"https:\/\/protect-lawyers.org\/es\/wp-json\/wp\/v2\/listing\/12301\/revisions\/21356"}],"wp:attachment":[{"href":"https:\/\/protect-lawyers.org\/es\/wp-json\/wp\/v2\/media?parent=12301"}],"wp:term":[{"taxonomy":"listing_category","embeddable":true,"href":"https:\/\/protect-lawyers.org\/es\/wp-json\/wp\/v2\/listing_category?post=12301"},{"taxonomy":"event_category","embeddable":true,"href":"https:\/\/protect-lawyers.org\/es\/wp-json\/wp\/v2\/event_category?post=12301"},{"taxonomy":"service_category","embeddable":true,"href":"https:\/\/protect-lawyers.org\/es\/wp-json\/wp\/v2\/service_category?post=12301"},{"taxonomy":"rental_category","embeddable":true,"href":"https:\/\/protect-lawyers.org\/es\/wp-json\/wp\/v2\/rental_category?post=12301"},{"taxonomy":"classifieds_category","embeddable":true,"href":"https:\/\/protect-lawyers.org\/es\/wp-json\/wp\/v2\/classifieds_category?post=12301"},{"taxonomy":"listing_feature","embeddable":true,"href":"https:\/\/protect-lawyers.org\/es\/wp-json\/wp\/v2\/listing_feature?post=12301"},{"taxonomy":"region","embeddable":true,"href":"https:\/\/protect-lawyers.org\/es\/wp-json\/wp\/v2\/region?post=12301"}],"curies":[{"name":"wp","href":"https:\/\/api.w.org\/{rel}","templated":true}]}}

Juan Carlos Flores Solís

<h2>México: Tres allanamientos en menos de 15 días en la casa del abogado defensor del medio ambiente Juan Carlos Flores Solis</h2>
<p><strong>3 de marzo de 2022</strong></p>
<p>&nbsp;</p>
<p><strong>Juan Carlos Flores Solis</strong> es abogado del Frente de Pueblos en Defensa de la Tierra y Agua Morelos, Puebla, Tlaxcala (FPDTA-MPT), organización que defiende los derechos humanos, la tierra, el territorio, el medio ambiente y la libre determinación de los pueblos indígenas. Su trabajo con esta organización se ha enfocado durante los últimos años en asesorar jurídicamente a distintas comunidades indígenas nahuas que luchan contra la extracción y contaminación del agua, tanto del río Cuautla, en el municipio de Ayala, Morelos, como en Juan C. Bonilla, Puebla.</p>
<p>Fundador del FPDTA-MPT desde el año 2008, el abogado fue perseguido y encarcelado injustamente el 7 de abril de 2014 por la labor de asesoramiento jurídico de las poblaciones afectadas por el Proyecto Integral Morelos, el cual afecta a los estados de Morelos, Puebla y Tlaxcala con la instalación de un gasoducto de 160 km en las faldas del volcán Popocatépetl, una termoeléctrica en la comunidad de Huexca, Morelos y un acueducto, afectando alrededor de 80 comunidades de los 3 estados.</p>
<p>Tras el asesinato en 2019 del activista medioambiental Samir Flores su nivel de riesgo aumenta al ser señalado como la siguiente persona con más relevancia en la organización.</p>
<p>A lo largo del último mes, Juan Carlos ha recibido diversos ataques en su domicilio a través de los siguientes allanamientos:</p>
<ul>
<li>5 de abril de 2022: encontró su domicilio allanado en el pueblo de Santa María Zacatepec, municipio de Juan C. Bonilla, Puebla. La reja de su terreno y el candado de la puerta de entrada de la casa fueron cortados con cizalla, su habitación fue completamente registrada, sus documentos revisados y tirados en el suelo, y varios objetos de valor fueron sustraídos. Juan Carlos manifiesta que la irrupción violenta en su domicilio, la extracción de objetos personales de su vivienda y los mensajes implícitos dejados por el o los victimarios, como un cuchillo en su cama y la manipulación de una foto suya y de su familia, constituyen una amenaza directa contra su vida y la de su familia.</li>
<li>10 de abril de 2022: a pesar de haber alertado a las autoridades mexicanas sobre los hechos violentos ocurridos el 5 de abril, Juan Carlos volviendo a su domicilio, se percata de que éste ha sido nuevamente allanado y afirma que la/s persona/s que ingresan rompen el cristal de una ventana e irrumpen a través de ésta. Asegura que sus pertenencias han vuelto a ser removidas y el cuchillo que había sido dejado encima de su cama, y que nunca manipuló con la intención de preservar las pruebas del delito ocurrido, ha desaparecido.</li>
<li>14 de abril de 2022: en un nuevo allanamiento, los desconocidos se llevaron papeles de una estantería de una habitación, una mochila con varias pertenencias y distintivos de actos políticos, y abandonaron la casa dejándola en desorden.<br />
Cabe señalar que Juan Carlos Flores Solís y su esposa Miryam Vargas Teutle informan de que la policía no respondió a tiempo a la solicitud del Mecanismo de Protección para Personas Defensoras de Derechos Humanos y Periodistas, que sugirió que una patrulla vigilara la casa después del primer allanamiento el 5 de abril de 2022.</li>
</ul>
<p><strong>El OIAD observa con preocupación y condena estas operaciones de hostigamiento en contra del abogado Juan Carlos Flores.</strong></p>
<p><strong>El OIAD llama la atención sobre los Principios de Naciones Unidas para La Función de los Abogados, y en particular los Principios 16 y 17 que establecen lo siguiente:</strong></p>
<p>“Los gobiernos garantizarán que los abogados a) puedan desempeñar todas sus funciones profesionales sin intimidaciones, obstáculos, acosos o interferencias indebidas; b) puedan viajar y comunicarse libremente con sus clientes tanto dentro de su país como en el exterior; y c) no sufran ni estén expuestos a persecuciones o sanciones administrativas, económicas o de otra índole a raíz de cualquier medida que hayan adoptado de conformidad con las obligaciones, reglas y normas éticas que se reconocen a su profesión” (Principio 16).</p>
<p>“Cuando la seguridad de los abogados sea amenazada a raíz del ejercicio de sus funciones, recibirán de las autoridades protección adecuada” (Principio 17).</p>
<p><strong>El OIAD ha solicitado a las autoridades mexicanas y al mecanismo de protección para personas defensoras de derechos humanos y periodistas adoptar medidas para garantizar  la protección integral del abogado Flores y proceder al reconocimiento público de la labor realizada en defensa de los derechos de las víctimas de graves violaciones de derechos humanos.</strong></p>
