{"id":12705,"date":"2022-11-23T11:58:22","date_gmt":"2022-11-23T11:58:22","guid":{"rendered":"https:\/\/protect-lawyers.org\/case\/jecson-ricardo-cariel-garcia\/"},"modified":"2022-11-23T12:07:43","modified_gmt":"2022-11-23T12:07:43","slug":"jecson-ricardo-cariel-garcia","status":"publish","type":"listing","link":"https:\/\/protect-lawyers.org\/es\/case\/jecson-ricardo-cariel-garcia\/","title":{"rendered":"Jecson Ricardo Cariel Garc\u00eda"},"content":{"rendered":"<h2>VENEZUELA: El abogado Jecson Ricardo Cariel Garc\u00eda detenido de forma arbitraria desde el 5 de agosto de 2022<\/h2>\n<p><strong>\u00a018 de noviembre de 2022<\/strong><\/p>\n<p>&nbsp;<\/p>\n<p>Jecson Ricardo Cariel Garc\u00eda es un abogado, activista social y defensor de derechos humanos en Venezuela. El abogado ha impulsado m\u00faltiples actividades y programas focalizados en la promoci\u00f3n del derecho de acceso al sistema de justicia en el pa\u00eds, particularmente en los estados M\u00e9rida, T\u00e1chira y Trujillo.<\/p>\n<p>El d\u00eda 5 de agosto de 2022, Jecson Cariel fue detenido de forma arbitraria en la ciudad de San Cristobal (T\u00e1chira) a trav\u00e9s de un irregular procedimiento policial, a cargo del F.A.E.S, hoy conocido como Divisi\u00f3n de Investigaciones Estrat\u00e9gicas Penales (D.I.E.P). La detenci\u00f3n se ejecut\u00f3 contraviniendo las garant\u00edas procesales y derechos de la persona investigada [1]. Seg\u00fan la informaci\u00f3n recibida, el abogado sufri\u00f3 desaparici\u00f3n forzada por un periodo que supera las 120 horas, transcurrido el cual ha permanecido detenido en absoluto aislamiento, siendo sometido a tratos inhumanos y degradantes.<\/p>\n<p>La detenci\u00f3n se produjo en un contexto en el que Jecson Cariel se encontraba desarrollando su labor activamente en la zona fronteriza de T\u00e1chira-Norte de Santander [2]. El abogado, junto a un diverso equipo de trabajo hab\u00eda logrado obtener testimonios sobre denuncias que el Estado venezolano habr\u00eda omitido investigar, adem\u00e1s de documentar casos espec\u00edficos sobre violaciones a los DDHH recolectando pruebas sobre m\u00faltiples irregularidades presuntamente comprometedoras para las autoridades del estado T\u00e1chira.<\/p>\n<p>Por el trabajo que ven\u00eda realizando Jecson Cariel en esta regi\u00f3n conflictiva del pa\u00eds, se conoce que habr\u00eda recibido m\u00faltiples amenazas v\u00eda mensajer\u00eda instant\u00e1nea WhatsApp) inst\u00e1ndole a abandonar el estado T\u00e1chira o que de lo contrario lo \u201csembrar\u00edan\u201d, t\u00e9rmino coloquial utilizado para hacer referencia a la implantaci\u00f3n de evidencia falsas en el marco de un proceso judicial o investigaci\u00f3n penal.<\/p>\n<p>Desde su detenci\u00f3n ha permanecido pr\u00e1cticamente en total aislamiento, con acceso muy limitado a recursos b\u00e1sicos para su higiene personal, alimentaci\u00f3n, medicamentos y atenci\u00f3n m\u00e9dica. Asimismo, se ha denegado el derecho de acceso a la informaci\u00f3n sumaria de la presunta investigaci\u00f3n penal y se le impone un abogado de turno de oficio sin el consentimiento previo del imputado. Durante m\u00e1s de 98 d\u00edas se le ha negado la comunicaci\u00f3n con sus familiares o con abogados de su confianza.<\/p>\n<p>En este sentido, resulta igualmente preocupante que los abogados defensores de DDHH de la ONG \u201cIniciativa por una Justicia Igualitaria\u201d han denunciado haber recibido graves amenazas y ataques por su participaci\u00f3n en la defensa de este caso. En particular, el abogado Omar Antonio Mendoza Gil, quien se ha visto forzado a huir de Venezuela y el abogado H\u00e9ctor Uzc\u00e1tegui, quien forma parte del equipo legal encargado de la defensa de Jecson Ricardo Cariel Garc\u00eda. El equipo de abogados contin\u00faa intentando tramitar la designaci\u00f3n de la defensa t\u00e9cnica del detenido sin \u00e9xito hasta la fecha, debido a las restricciones y limitaciones impuestas por las autoridades para acceder a dicho procedimiento.<\/p>\n<p><strong>El OIAD denuncia<\/strong>\u00a0las condiciones de la detenci\u00f3n arbitraria que sufre el abogado Jecson Ricardo Cariel, que se llev\u00f3 a cabo al margen de la ley, vulnerando gravemente las garant\u00edas procesales previstas en la legislaci\u00f3n nacional, as\u00ed como en acuerdos internacionales de los que Venezuela hace parte.<\/p>\n<p><strong>El OIAD solicita a las autoridades venezolanas<\/strong>\u00a0que respeten los derechos fundamentales del Sr. Jecson Ricardo Cariel y los Principios B\u00e1sicos sobre la funci\u00f3n de los abogados, que establecen en particular lo siguiente:<\/p>\n<p>\u201cLos gobiernos garantizar\u00e1n que los abogados a) puedan desempe\u00f1ar todas sus funciones profesionales sin intimidaciones, obst\u00e1culos, acosos o interferencias indebidas;\u00a0<em>b)\u00a0<\/em>puedan viajar y comunicarse libremente con sus clientes tanto dentro de su pa\u00eds como en el exterior; y\u00a0<em>c)\u00a0<\/em>no sufran ni est\u00e9n expuestos a persecuciones o sanciones administrativas, econ\u00f3micas o de otra \u00edndole a ra\u00edz de cualquier medida que hayan adoptado de conformidad con las obligaciones, reglas y normas \u00e9ticas que se reconocen a su profesi\u00f3n.\u201d (Principio 16)<\/p>\n<p>\u201cLos abogados no ser\u00e1n identificados con sus clientes ni con las causas de sus clientes como consecuencia del desempe\u00f1o de sus funciones\u201d. (Principio 18)<\/p>\n<p>\u201cNing\u00fan tribunal ni organismo administrativo ante el que se reconozca el derecho a ser asistido por un abogado se negar\u00e1 a reconocer el derecho de un abogado a presentarse ante \u00e9l en nombre de su cliente, salvo que el abogado haya sido inhabilitado de conformidad con las leyes y pr\u00e1cticas nacionales y con estos principios\u201d. (Principio 19)<\/p>\n<p>\u201cLas autoridades competentes tienen la obligaci\u00f3n de velar por que los abogados tengan acceso a la informaci\u00f3n, los archivos y documentos pertinentes que est\u00e9n en su poder o bajo su control con antelaci\u00f3n suficiente para que puedan prestar a sus clientes una asistencia jur\u00eddica eficaz. Este acceso se facilitar\u00e1 lo antes posible\u201d. (Principio 21)<\/p>\n<p>&nbsp;<\/p>\n<p>[1]\u00a0Derechos reconocidos en la Constituci\u00f3n de la Rep\u00fablica Bolivariana de Venezuela, en el C\u00f3digo Org\u00e1nico Procesal Penal, as\u00ed como en acuerdos y tratados internacionales.<\/p>\n<p>[2]\u00a0Se trata de una zona fronteriza entre Venezuela y Colombia en la que existe una grave conflictividad social y problemas de violencia a trav\u00e9s de grupos irregulares que controlan la zona.<\/p>\n","protected":false},"author":1,"featured_media":0,"comment_status":"open","ping_status":"closed","template":"","meta":[],"listing_category":[59],"event_category":[],"service_category":[],"rental_category":[],"classifieds_category":[],"listing_feature":[],"region":[37,1895],"class_list":["post-12705","listing","type-listing","status-publish","hentry","listing_category-detenidos","region-america","region-venezuela-es"],"_links":{"self":[{"href":"https:\/\/protect-lawyers.org\/es\/wp-json\/wp\/v2\/listing\/12705","targetHints":{"allow":["GET"]}}],"collection":[{"href":"https:\/\/protect-lawyers.org\/es\/wp-json\/wp\/v2\/listing"}],"about":[{"href":"https:\/\/protect-lawyers.org\/es\/wp-json\/wp\/v2\/types\/listing"}],"author":[{"embeddable":true,"href":"https:\/\/protect-lawyers.org\/es\/wp-json\/wp\/v2\/users\/1"}],"replies":[{"embeddable":true,"href":"https:\/\/protect-lawyers.org\/es\/wp-json\/wp\/v2\/comments?post=12705"}],"version-history":[{"count":0,"href":"https:\/\/protect-lawyers.org\/es\/wp-json\/wp\/v2\/listing\/12705\/revisions"}],"wp:attachment":[{"href":"https:\/\/protect-lawyers.org\/es\/wp-json\/wp\/v2\/media?parent=12705"}],"wp:term":[{"taxonomy":"listing_category","embeddable":true,"href":"https:\/\/protect-lawyers.org\/es\/wp-json\/wp\/v2\/listing_category?post=12705"},{"taxonomy":"event_category","embeddable":true,"href":"https:\/\/protect-lawyers.org\/es\/wp-json\/wp\/v2\/event_category?post=12705"},{"taxonomy":"service_category","embeddable":true,"href":"https:\/\/protect-lawyers.org\/es\/wp-json\/wp\/v2\/service_category?post=12705"},{"taxonomy":"rental_category","embeddable":true,"href":"https:\/\/protect-lawyers.org\/es\/wp-json\/wp\/v2\/rental_category?post=12705"},{"taxonomy":"classifieds_category","embeddable":true,"href":"https:\/\/protect-lawyers.org\/es\/wp-json\/wp\/v2\/classifieds_category?post=12705"},{"taxonomy":"listing_feature","embeddable":true,"href":"https:\/\/protect-lawyers.org\/es\/wp-json\/wp\/v2\/listing_feature?post=12705"},{"taxonomy":"region","embeddable":true,"href":"https:\/\/protect-lawyers.org\/es\/wp-json\/wp\/v2\/region?post=12705"}],"curies":[{"name":"wp","href":"https:\/\/api.w.org\/{rel}","templated":true}]}}

Jecson Ricardo Cariel García

<h2>VENEZUELA: El abogado Jecson Ricardo Cariel García detenido de forma arbitraria desde el 5 de agosto de 2022</h2>
<p><strong> 18 de noviembre de 2022</strong></p>
<p>&nbsp;</p>
<p>Jecson Ricardo Cariel García es un abogado, activista social y defensor de derechos humanos en Venezuela. El abogado ha impulsado múltiples actividades y programas focalizados en la promoción del derecho de acceso al sistema de justicia en el país, particularmente en los estados Mérida, Táchira y Trujillo.</p>
<p>El día 5 de agosto de 2022, Jecson Cariel fue detenido de forma arbitraria en la ciudad de San Cristobal (Táchira) a través de un irregular procedimiento policial, a cargo del F.A.E.S, hoy conocido como División de Investigaciones Estratégicas Penales (D.I.E.P). La detención se ejecutó contraviniendo las garantías procesales y derechos de la persona investigada [1]. Según la información recibida, el abogado sufrió desaparición forzada por un periodo que supera las 120 horas, transcurrido el cual ha permanecido detenido en absoluto aislamiento, siendo sometido a tratos inhumanos y degradantes.</p>
<p>La detención se produjo en un contexto en el que Jecson Cariel se encontraba desarrollando su labor activamente en la zona fronteriza de Táchira-Norte de Santander [2]. El abogado, junto a un diverso equipo de trabajo había logrado obtener testimonios sobre denuncias que el Estado venezolano habría omitido investigar, además de documentar casos específicos sobre violaciones a los DDHH recolectando pruebas sobre múltiples irregularidades presuntamente comprometedoras para las autoridades del estado Táchira.</p>
<p>Por el trabajo que venía realizando Jecson Cariel en esta región conflictiva del país, se conoce que habría recibido múltiples amenazas vía mensajería instantánea WhatsApp) instándole a abandonar el estado Táchira o que de lo contrario lo “sembrarían”, término coloquial utilizado para hacer referencia a la implantación de evidencia falsas en el marco de un proceso judicial o investigación penal.</p>
<p>Desde su detención ha permanecido prácticamente en total aislamiento, con acceso muy limitado a recursos básicos para su higiene personal, alimentación, medicamentos y atención médica. Asimismo, se ha denegado el derecho de acceso a la información sumaria de la presunta investigación penal y se le impone un abogado de turno de oficio sin el consentimiento previo del imputado. Durante más de 98 días se le ha negado la comunicación con sus familiares o con abogados de su confianza.</p>
<p>En este sentido, resulta igualmente preocupante que los abogados defensores de DDHH de la ONG “Iniciativa por una Justicia Igualitaria” han denunciado haber recibido graves amenazas y ataques por su participación en la defensa de este caso. En particular, el abogado Omar Antonio Mendoza Gil, quien se ha visto forzado a huir de Venezuela y el abogado Héctor Uzcátegui, quien forma parte del equipo legal encargado de la defensa de Jecson Ricardo Cariel García. El equipo de abogados continúa intentando tramitar la designación de la defensa técnica del detenido sin éxito hasta la fecha, debido a las restricciones y limitaciones impuestas por las autoridades para acceder a dicho procedimiento.</p>
<p><strong>El OIAD denuncia</strong> las condiciones de la detención arbitraria que sufre el abogado Jecson Ricardo Cariel, que se llevó a cabo al margen de la ley, vulnerando gravemente las garantías procesales previstas en la legislación nacional, así como en acuerdos internacionales de los que Venezuela hace parte.</p>
<p><strong>El OIAD solicita a las autoridades venezolanas</strong> que respeten los derechos fundamentales del Sr. Jecson Ricardo Cariel y los Principios Básicos sobre la función de los abogados, que establecen en particular lo siguiente:</p>
<p>“Los gobiernos garantizarán que los abogados a) puedan desempeñar todas sus funciones profesionales sin intimidaciones, obstáculos, acosos o interferencias indebidas; <em>b) </em>puedan viajar y comunicarse libremente con sus clientes tanto dentro de su país como en el exterior; y <em>c) </em>no sufran ni estén expuestos a persecuciones o sanciones administrativas, económicas o de otra índole a raíz de cualquier medida que hayan adoptado de conformidad con las obligaciones, reglas y normas éticas que se reconocen a su profesión.” (Principio 16)</p>
<p>“Los abogados no serán identificados con sus clientes ni con las causas de sus clientes como consecuencia del desempeño de sus funciones”. (Principio 18)</p>
<p>“Ningún tribunal ni organismo administrativo ante el que se reconozca el derecho a ser asistido por un abogado se negará a reconocer el derecho de un abogado a presentarse ante él en nombre de su cliente, salvo que el abogado haya sido inhabilitado de conformidad con las leyes y prácticas nacionales y con estos principios”. (Principio 19)</p>
<p>“Las autoridades competentes tienen la obligación de velar por que los abogados tengan acceso a la información, los archivos y documentos pertinentes que estén en su poder o bajo su control con antelación suficiente para que puedan prestar a sus clientes una asistencia jurídica eficaz. Este acceso se facilitará lo antes posible”. (Principio 21)</p>
<p>&nbsp;</p>
<p>[1] Derechos reconocidos en la Constitución de la República Bolivariana de Venezuela, en el Código Orgánico Procesal Penal, así como en acuerdos y tratados internacionales.</p>
<p>[2] Se trata de una zona fronteriza entre Venezuela y Colombia en la que existe una grave conflictividad social y problemas de violencia a través de grupos irregulares que controlan la zona.</p>
