{"id":13600,"date":"2023-07-01T11:27:11","date_gmt":"2023-07-01T11:27:11","guid":{"rendered":"https:\/\/protect-lawyers.org\/case\/kurtulus-bastimar\/"},"modified":"2025-03-22T09:48:45","modified_gmt":"2025-03-22T09:48:45","slug":"kurtulus-bastimar","status":"publish","type":"listing","link":"https:\/\/protect-lawyers.org\/es\/case\/kurtulus-bastimar\/","title":{"rendered":"Kurtulus Bastimar"},"content":{"rendered":"<h2>El Observatorio conoce con preocupaci\u00f3n la situaci\u00f3n del abogado kurdo-turco Kurtulus Bastimar, que se vio obligado a salir de Turqu\u00eda como consecuencia de la persecuci\u00f3n por parte de las autoridades turcas.<\/h2>\n<p>&nbsp;<\/p>\n<p>Kurtulus Bastimar es un abogado kurdo, defensor de los derechos humanos y activista por los derechos de la minor\u00eda kurda en Turqu\u00eda y es el Director de Prisoners Defenders Asia. Como activista, ha denunciado en sus libros las violaciones de derechos humanos en Crimea (Educaci\u00f3n, guerra y exilio), y luego las de mujeres y ni\u00f1os en las provincias orientales y sudorientales de Turqu\u00eda, donde el matrimonio infantil es pr\u00e1ctica habitual (Nazl\u0131can). Su \u00faltimo libro, Adi\u00f3s a la libertad, cuya publicaci\u00f3n est\u00e1 prohibida en Turqu\u00eda, trata del golpe militar de los a\u00f1os ochenta, que provoc\u00f3 numerosos abusos contra la comunidad kurda, as\u00ed como la prohibici\u00f3n de la lengua, y pone de relieve las violaciones de los derechos de los presos.<\/p>\n<p>Como abogado, Kurtulus Bastimar ha defendido con \u00e9xito en Naciones Unidas a periodistas acusados de propaganda antigubernamental (Pham Doan Trang y Le Huu Min Tuan en Vietnam), a opositores al gobierno detenidos arbitrariamente (Maria Kalesnikova en Bielorrusia) y a otros activistas (Mohamad Ismail en Pakist\u00e1n y Anas Al Mustafa en Turqu\u00eda), entre otros.<\/p>\n<p>Como consecuencia de su defensa de los opositores y activistas turcos, as\u00ed como de su apoyo a la causa kurda, Kurtulus Bastimar declara que ha sido v\u00edctima de persecuci\u00f3n desde 2019 hasta 2022, as\u00ed como de numerosos registros nocturnos ilegales en junio de 2022, tanto en casa de su hermano como en la de su padre.<\/p>\n<p>Debido a su defensa de la abogada y activista de derechos humanos iran\u00ed Nasibe Shamsaei, tambi\u00e9n fue objeto de una campa\u00f1a difamatoria por parte de esp\u00edas iran\u00edes en Turqu\u00eda, por la que se present\u00f3 una denuncia. Adem\u00e1s, tras el discurso que pronunci\u00f3 el 31 de marzo de 2022 en el Parlamento turco sobre las violaciones de derechos humanos en Turqu\u00eda, recibi\u00f3 ataques a\u00fan m\u00e1s fuertes y desagradables.<\/p>\n<p>Kurtulu\u015f Ba\u015ftimar abandon\u00f3 Turqu\u00eda rumbo a Montenegro el 16 de julio de 2022. S\u00f3lo dos d\u00edas despu\u00e9s, el 18 de julio de 2022, el hermano de Kurtulu\u015f, Gen\u00e7ay Ba\u015ftimar, fue detenido por pertenencia a organizaci\u00f3n terrorista. El caso de Gen\u00e7ay es el primer caso que fue representado por Kurtulu\u015f Ba\u015ftimar ante el Comit\u00e9 de Derechos Humanos de la ONU (CCPR 3592\/2019 contra Turqu\u00eda).<\/p>\n<p>El Observatorio Internacional de la Abogac\u00eda en Riesgo desea recordar a las autoridades de Turqu\u00eda que seg\u00fan los Principios B\u00e1sicos de las Naciones Unidas sobre la Funci\u00f3n de los Abogados (1990):<\/p>\n<p>\u00abLos abogados no ser\u00e1n asimilados a sus clientes o a la causa de sus clientes como consecuencia del ejercicio de sus funciones\u00bb<strong> (Principio n\u00ba 18).<\/strong><\/p>\n<p>\u00abLos gobiernos velar\u00e1n por que los abogados (a) puedan desempe\u00f1ar todas sus funciones profesionales sin obst\u00e1culos, intimidaci\u00f3n, acoso ni injerencias indebidas; (b) puedan viajar y consultar libremente con sus clientes, tanto dentro como fuera del pa\u00eds; y (c) no sean objeto de enjuiciamiento ni de sanciones econ\u00f3micas o de otra \u00edndole, ni de amenazas de tales sanciones, por ninguna acci\u00f3n realizada de conformidad con sus obligaciones, normas y deontolog\u00eda profesionales reconocidas\u00bb <strong>(Principio 16).<\/strong><\/p>\n<p><strong>El OIAD condena<\/strong> en los t\u00e9rminos m\u00e1s en\u00e9rgicos las amenazas proferidas contra Kurtulus Bastimar en las redes sociales y la ausencia de cualquier amenaza de acciones penales contra los autores.<\/p>\n<p><strong>El OIAD est\u00e1 preocupado<\/strong> por la situaci\u00f3n actual del compa\u00f1ero Kurtulus Bastimar y las dificultades a las que se enfrenta para obtener protecci\u00f3n internacional.<\/p>\n","protected":false},"author":1,"featured_media":0,"comment_status":"open","ping_status":"closed","template":"","meta":[],"listing_category":[49],"event_category":[],"service_category":[],"rental_category":[],"classifieds_category":[],"listing_feature":[],"region":[78,1914],"class_list":["post-13600","listing","type-listing","status-publish","hentry","listing_category-amenazados","region-europa","region-turquia"],"_links":{"self":[{"href":"https:\/\/protect-lawyers.org\/es\/wp-json\/wp\/v2\/listing\/13600","targetHints":{"allow":["GET"]}}],"collection":[{"href":"https:\/\/protect-lawyers.org\/es\/wp-json\/wp\/v2\/listing"}],"about":[{"href":"https:\/\/protect-lawyers.org\/es\/wp-json\/wp\/v2\/types\/listing"}],"author":[{"embeddable":true,"href":"https:\/\/protect-lawyers.org\/es\/wp-json\/wp\/v2\/users\/1"}],"replies":[{"embeddable":true,"href":"https:\/\/protect-lawyers.org\/es\/wp-json\/wp\/v2\/comments?post=13600"}],"version-history":[{"count":1,"href":"https:\/\/protect-lawyers.org\/es\/wp-json\/wp\/v2\/listing\/13600\/revisions"}],"predecessor-version":[{"id":21690,"href":"https:\/\/protect-lawyers.org\/es\/wp-json\/wp\/v2\/listing\/13600\/revisions\/21690"}],"wp:attachment":[{"href":"https:\/\/protect-lawyers.org\/es\/wp-json\/wp\/v2\/media?parent=13600"}],"wp:term":[{"taxonomy":"listing_category","embeddable":true,"href":"https:\/\/protect-lawyers.org\/es\/wp-json\/wp\/v2\/listing_category?post=13600"},{"taxonomy":"event_category","embeddable":true,"href":"https:\/\/protect-lawyers.org\/es\/wp-json\/wp\/v2\/event_category?post=13600"},{"taxonomy":"service_category","embeddable":true,"href":"https:\/\/protect-lawyers.org\/es\/wp-json\/wp\/v2\/service_category?post=13600"},{"taxonomy":"rental_category","embeddable":true,"href":"https:\/\/protect-lawyers.org\/es\/wp-json\/wp\/v2\/rental_category?post=13600"},{"taxonomy":"classifieds_category","embeddable":true,"href":"https:\/\/protect-lawyers.org\/es\/wp-json\/wp\/v2\/classifieds_category?post=13600"},{"taxonomy":"listing_feature","embeddable":true,"href":"https:\/\/protect-lawyers.org\/es\/wp-json\/wp\/v2\/listing_feature?post=13600"},{"taxonomy":"region","embeddable":true,"href":"https:\/\/protect-lawyers.org\/es\/wp-json\/wp\/v2\/region?post=13600"}],"curies":[{"name":"wp","href":"https:\/\/api.w.org\/{rel}","templated":true}]}}

<h2>El Observatorio conoce con preocupación la situación del abogado kurdo-turco Kurtulus Bastimar, que se vio obligado a salir de Turquía como consecuencia de la persecución por parte de las autoridades turcas.</h2>
<p>&nbsp;</p>
<p>Kurtulus Bastimar es un abogado kurdo, defensor de los derechos humanos y activista por los derechos de la minoría kurda en Turquía y es el Director de Prisoners Defenders Asia. Como activista, ha denunciado en sus libros las violaciones de derechos humanos en Crimea (Educación, guerra y exilio), y luego las de mujeres y niños en las provincias orientales y sudorientales de Turquía, donde el matrimonio infantil es práctica habitual (Nazlıcan). Su último libro, Adiós a la libertad, cuya publicación está prohibida en Turquía, trata del golpe militar de los años ochenta, que provocó numerosos abusos contra la comunidad kurda, así como la prohibición de la lengua, y pone de relieve las violaciones de los derechos de los presos.</p>
<p>Como abogado, Kurtulus Bastimar ha defendido con éxito en Naciones Unidas a periodistas acusados de propaganda antigubernamental (Pham Doan Trang y Le Huu Min Tuan en Vietnam), a opositores al gobierno detenidos arbitrariamente (Maria Kalesnikova en Bielorrusia) y a otros activistas (Mohamad Ismail en Pakistán y Anas Al Mustafa en Turquía), entre otros.</p>
<p>Como consecuencia de su defensa de los opositores y activistas turcos, así como de su apoyo a la causa kurda, Kurtulus Bastimar declara que ha sido víctima de persecución desde 2019 hasta 2022, así como de numerosos registros nocturnos ilegales en junio de 2022, tanto en casa de su hermano como en la de su padre.</p>
<p>Debido a su defensa de la abogada y activista de derechos humanos iraní Nasibe Shamsaei, también fue objeto de una campaña difamatoria por parte de espías iraníes en Turquía, por la que se presentó una denuncia. Además, tras el discurso que pronunció el 31 de marzo de 2022 en el Parlamento turco sobre las violaciones de derechos humanos en Turquía, recibió ataques aún más fuertes y desagradables.</p>
<p>Kurtuluş Baştimar abandonó Turquía rumbo a Montenegro el 16 de julio de 2022. Sólo dos días después, el 18 de julio de 2022, el hermano de Kurtuluş, Gençay Baştimar, fue detenido por pertenencia a organización terrorista. El caso de Gençay es el primer caso que fue representado por Kurtuluş Baştimar ante el Comité de Derechos Humanos de la ONU (CCPR 3592/2019 contra Turquía).</p>
<p>El Observatorio Internacional de la Abogacía en Riesgo desea recordar a las autoridades de Turquía que según los Principios Básicos de las Naciones Unidas sobre la Función de los Abogados (1990):</p>
<p>«Los abogados no serán asimilados a sus clientes o a la causa de sus clientes como consecuencia del ejercicio de sus funciones»<strong> (Principio nº 18).</strong></p>
<p>«Los gobiernos velarán por que los abogados (a) puedan desempeñar todas sus funciones profesionales sin obstáculos, intimidación, acoso ni injerencias indebidas; (b) puedan viajar y consultar libremente con sus clientes, tanto dentro como fuera del país; y (c) no sean objeto de enjuiciamiento ni de sanciones económicas o de otra índole, ni de amenazas de tales sanciones, por ninguna acción realizada de conformidad con sus obligaciones, normas y deontología profesionales reconocidas» <strong>(Principio 16).</strong></p>
<p><strong>El OIAD condena</strong> en los términos más enérgicos las amenazas proferidas contra Kurtulus Bastimar en las redes sociales y la ausencia de cualquier amenaza de acciones penales contra los autores.</p>
<p><strong>El OIAD está preocupado</strong> por la situación actual del compañero Kurtulus Bastimar y las dificultades a las que se enfrenta para obtener protección internacional.</p>
