{"id":16596,"date":"2025-12-10T15:29:17","date_gmt":"2025-12-10T15:29:17","guid":{"rendered":"https:\/\/protect-lawyers.org\/case\/khosrow-alikordi\/"},"modified":"2025-12-16T10:30:32","modified_gmt":"2025-12-16T10:30:32","slug":"khosrow-alikordi","status":"publish","type":"listing","link":"https:\/\/protect-lawyers.org\/es\/case\/khosrow-alikordi\/","title":{"rendered":"Khosrow Alikordi"},"content":{"rendered":"<h2>Ir\u00e1n\u00a0: La Rep\u00fablica Isl\u00e1mica de Ir\u00e1n condena al abogado kurdo Khosrow Alikordi<\/h2>\n<p><strong>\u00a0<\/strong><\/p>\n<p><strong>La Secci\u00f3n Primera del Tribunal Revolucionario conden\u00f3 a Khosrow Alikordi a un a\u00f1o de prisi\u00f3n, dos a\u00f1os de exilio, dos a\u00f1os de prohibici\u00f3n de viajar, dos a\u00f1os de prohibici\u00f3n de ejercer como abogado y dos a\u00f1os de prohibici\u00f3n de aparecer en Internet.<\/strong><\/p>\n<p>Khosrow Alikordi es el abogado de la familia de Abolfazl Adiehzadeh, asesinado por las fuerzas de seguridad a los 16 a\u00f1os durante las protestas nacionales de octubre de 2022. Desde su muerte, su familia ha estado sometida a constantes presiones por parte del gobierno iran\u00ed. En junio de 2023, su padre y su hermana fueron acusados de \u00abpropaganda antigubernamental\u00bb por denunciar la muerte del adolescente. Alikordi fue detenido en agosto de 2023 y puesto en libertad bajo fianza cuatro d\u00edas despu\u00e9s.<\/p>\n<p>Alikordi ha defendido a varios presos pol\u00edticos y a sus familiares, lo que le ha expuesto a una gran presi\u00f3n por parte de las autoridades gubernamentales iran\u00edes. Adem\u00e1s, la secci\u00f3n tercera del tribunal penal de Mashhad le impuso una multa de 21 millones de riales iran\u00edes (4.536 euros) por \u00abdifamaci\u00f3n\u00bb.<\/p>\n<p>Khosrow Alikordi forma parte del grupo de abogados, m\u00e9dicos y activistas que han firmado una <a href=\"https:\/\/iranhumanrights.org\/2023\/10\/joint-letter-120-iranian-doctors-lawyers-and-activists-call-for-release-of-doctor-jailed-for-treating-protesters\/\" target=\"_blank\" rel=\"noopener\">carta conjunta<\/a> en la que piden a la Rep\u00fablica Isl\u00e1mica de Ir\u00e1n que ponga en libertad a un m\u00e9dico encarcelado por atender a manifestantes.<\/p>\n<p>&nbsp;<\/p>\n<p><strong>El Observatorio condena firmemente<\/strong> las presiones ejercidas por la Rep\u00fablica Isl\u00e1mica de Ir\u00e1n sobre el abogado Sr. Alikordi y sus clientes.<\/p>\n<p><strong>El Observatorio condena rotundamente <\/strong>las reiteradas condenas contra defensores de los derechos de los presos pol\u00edticos en Ir\u00e1n.<\/p>\n<p><strong>El Observatorio insta a las autoridades iran\u00edes <\/strong>a que pongan fin al hostigamiento contra el Sr. Alikordi.<\/p>\n<p><strong>El Observatorio recuerda que<\/strong>, conforme a los <strong>principios de base de Naciones Unidas sobre la funci\u00f3n de los abogados<\/strong>, en particular los <strong>principios 16, 18, 23 et 27<\/strong>\u00a0:<\/p>\n<p><strong><u>Principio 16<\/u><\/strong>\u00a0: <em>\u201cLos gobiernos garantizar\u00e1n que los abogados a) <strong>puedan desempe\u00f1ar todas sus funciones profesionales sin intimidaciones, obst\u00e1culos, acosos o interferencias indebidas<\/strong>;\u201d<\/em><\/p>\n<p><strong><u>Principio 18<\/u><\/strong> : <em>\u201cLos abogados <strong>no ser\u00e1n identificados con sus clientes ni con las causas de sus clientes <\/strong>como consecuencia del desempe\u00f1o de sus funciones.\u201d<\/em><\/p>\n<p><strong><u>Principio 23<\/u><\/strong>\u00a0: <em>\u201cLos <strong>abogados<\/strong>, como los dem\u00e1s ciudadanos, tienen <strong>derecho a la libertad de expresi\u00f3n, creencias, asociaci\u00f3n y reuni\u00f3n.<\/strong> En particular, tendr\u00e1n derecho a participar en el debate p\u00fablico de asuntos relativos a la legislaci\u00f3n, la administraci\u00f3n de justicia y la promoci\u00f3n y la protecci\u00f3n de los derechos humanos, as\u00ed como a unirse o participar en organizaciones locales, nacionales o internacionales\u201d.<\/em><\/p>\n<p><strong><u>Principio 27<\/u><\/strong>\u00a0: <em>\u201cLas acusaciones o reclamaciones <strong>contra los abogados en relaci\u00f3n con su actuaci\u00f3n profesional<\/strong> se tramitar\u00e1n r\u00e1pida e imparcialmente mediante <strong>procedimientos apropiados.<\/strong> <\/em><em>Los abogados tendr\u00e1n derecho a una audiencia justa, incluido el derecho a recibir la asistencia de un abogado de su elecci\u00f3n.\u00bb<\/em><\/p>\n","protected":false},"author":1,"featured_media":0,"comment_status":"open","ping_status":"closed","template":"","meta":[],"listing_category":[64],"event_category":[],"service_category":[],"rental_category":[],"classifieds_category":[],"listing_feature":[],"region":[77,1934],"class_list":["post-16596","listing","type-listing","status-publish","hentry","listing_category-fallecidos","region-asia","region-iran-es"],"_links":{"self":[{"href":"https:\/\/protect-lawyers.org\/es\/wp-json\/wp\/v2\/listing\/16596","targetHints":{"allow":["GET"]}}],"collection":[{"href":"https:\/\/protect-lawyers.org\/es\/wp-json\/wp\/v2\/listing"}],"about":[{"href":"https:\/\/protect-lawyers.org\/es\/wp-json\/wp\/v2\/types\/listing"}],"author":[{"embeddable":true,"href":"https:\/\/protect-lawyers.org\/es\/wp-json\/wp\/v2\/users\/1"}],"replies":[{"embeddable":true,"href":"https:\/\/protect-lawyers.org\/es\/wp-json\/wp\/v2\/comments?post=16596"}],"version-history":[{"count":4,"href":"https:\/\/protect-lawyers.org\/es\/wp-json\/wp\/v2\/listing\/16596\/revisions"}],"predecessor-version":[{"id":21718,"href":"https:\/\/protect-lawyers.org\/es\/wp-json\/wp\/v2\/listing\/16596\/revisions\/21718"}],"wp:attachment":[{"href":"https:\/\/protect-lawyers.org\/es\/wp-json\/wp\/v2\/media?parent=16596"}],"wp:term":[{"taxonomy":"listing_category","embeddable":true,"href":"https:\/\/protect-lawyers.org\/es\/wp-json\/wp\/v2\/listing_category?post=16596"},{"taxonomy":"event_category","embeddable":true,"href":"https:\/\/protect-lawyers.org\/es\/wp-json\/wp\/v2\/event_category?post=16596"},{"taxonomy":"service_category","embeddable":true,"href":"https:\/\/protect-lawyers.org\/es\/wp-json\/wp\/v2\/service_category?post=16596"},{"taxonomy":"rental_category","embeddable":true,"href":"https:\/\/protect-lawyers.org\/es\/wp-json\/wp\/v2\/rental_category?post=16596"},{"taxonomy":"classifieds_category","embeddable":true,"href":"https:\/\/protect-lawyers.org\/es\/wp-json\/wp\/v2\/classifieds_category?post=16596"},{"taxonomy":"listing_feature","embeddable":true,"href":"https:\/\/protect-lawyers.org\/es\/wp-json\/wp\/v2\/listing_feature?post=16596"},{"taxonomy":"region","embeddable":true,"href":"https:\/\/protect-lawyers.org\/es\/wp-json\/wp\/v2\/region?post=16596"}],"curies":[{"name":"wp","href":"https:\/\/api.w.org\/{rel}","templated":true}]}}

<h2>Irán : La República Islámica de Irán condena al abogado kurdo Khosrow Alikordi</h2>
<p><strong> </strong></p>
<p><strong>La Sección Primera del Tribunal Revolucionario condenó a Khosrow Alikordi a un año de prisión, dos años de exilio, dos años de prohibición de viajar, dos años de prohibición de ejercer como abogado y dos años de prohibición de aparecer en Internet.</strong></p>
<p>Khosrow Alikordi es el abogado de la familia de Abolfazl Adiehzadeh, asesinado por las fuerzas de seguridad a los 16 años durante las protestas nacionales de octubre de 2022. Desde su muerte, su familia ha estado sometida a constantes presiones por parte del gobierno iraní. En junio de 2023, su padre y su hermana fueron acusados de «propaganda antigubernamental» por denunciar la muerte del adolescente. Alikordi fue detenido en agosto de 2023 y puesto en libertad bajo fianza cuatro días después.</p>
<p>Alikordi ha defendido a varios presos políticos y a sus familiares, lo que le ha expuesto a una gran presión por parte de las autoridades gubernamentales iraníes. Además, la sección tercera del tribunal penal de Mashhad le impuso una multa de 21 millones de riales iraníes (4.536 euros) por «difamación».</p>
<p>Khosrow Alikordi forma parte del grupo de abogados, médicos y activistas que han firmado una <a href="https://iranhumanrights.org/2023/10/joint-letter-120-iranian-doctors-lawyers-and-activists-call-for-release-of-doctor-jailed-for-treating-protesters/" target="_blank" rel="noopener">carta conjunta</a> en la que piden a la República Islámica de Irán que ponga en libertad a un médico encarcelado por atender a manifestantes.</p>
<p>&nbsp;</p>
<p><strong>El Observatorio condena firmemente</strong> las presiones ejercidas por la República Islámica de Irán sobre el abogado Sr. Alikordi y sus clientes.</p>
<p><strong>El Observatorio condena rotundamente </strong>las reiteradas condenas contra defensores de los derechos de los presos políticos en Irán.</p>
<p><strong>El Observatorio insta a las autoridades iraníes </strong>a que pongan fin al hostigamiento contra el Sr. Alikordi.</p>
<p><strong>El Observatorio recuerda que</strong>, conforme a los <strong>principios de base de Naciones Unidas sobre la función de los abogados</strong>, en particular los <strong>principios 16, 18, 23 et 27</strong> :</p>
<p><strong><u>Principio 16</u></strong> : <em>“Los gobiernos garantizarán que los abogados a) <strong>puedan desempeñar todas sus funciones profesionales sin intimidaciones, obstáculos, acosos o interferencias indebidas</strong>;”</em></p>
<p><strong><u>Principio 18</u></strong> : <em>“Los abogados <strong>no serán identificados con sus clientes ni con las causas de sus clientes </strong>como consecuencia del desempeño de sus funciones.”</em></p>
<p><strong><u>Principio 23</u></strong> : <em>“Los <strong>abogados</strong>, como los demás ciudadanos, tienen <strong>derecho a la libertad de expresión, creencias, asociación y reunión.</strong> En particular, tendrán derecho a participar en el debate público de asuntos relativos a la legislación, la administración de justicia y la promoción y la protección de los derechos humanos, así como a unirse o participar en organizaciones locales, nacionales o internacionales”.</em></p>
<p><strong><u>Principio 27</u></strong> : <em>“Las acusaciones o reclamaciones <strong>contra los abogados en relación con su actuación profesional</strong> se tramitarán rápida e imparcialmente mediante <strong>procedimientos apropiados.</strong> </em><em>Los abogados tendrán derecho a una audiencia justa, incluido el derecho a recibir la asistencia de un abogado de su elección.»</em></p>
